{"id":630,"date":"2018-10-23T08:42:09","date_gmt":"2018-10-23T14:42:09","guid":{"rendered":"https:\/\/coopertrans.com.br\/?page_id=630"},"modified":"2025-08-06T14:26:05","modified_gmt":"2025-08-06T17:26:05","slug":"politica-integrada","status":"publish","type":"page","link":"https:\/\/coopertrans.com.br\/pt_br\/gestao-de-qualidade\/politica-integrada\/","title":{"rendered":"Pol\u00edtica Integrada"},"content":{"rendered":"\t\t<div data-elementor-type=\"wp-page\" data-elementor-id=\"630\" class=\"elementor elementor-630\">\n\t\t\t\t<div class=\"elementor-element elementor-element-b4b7a7c e-flex e-con-boxed e-con e-parent\" data-id=\"b4b7a7c\" data-element_type=\"container\" data-e-type=\"container\" data-settings=\"{&quot;background_background&quot;:&quot;classic&quot;}\">\n\t\t\t\t\t<div class=\"e-con-inner\">\n\t\t\t\t<div class=\"elementor-element elementor-element-7f81162 elementor-widget elementor-widget-heading\" data-id=\"7f81162\" data-element_type=\"widget\" data-e-type=\"widget\" data-widget_type=\"heading.default\">\n\t\t\t\t<div class=\"elementor-widget-container\">\n\t\t\t\t\t<h1 class=\"elementor-heading-title elementor-size-default\">Gest\u00e3o de Qualidade<\/h1>\t\t\t\t<\/div>\n\t\t\t\t<\/div>\n\t\t\t\t<div class=\"elementor-element elementor-element-8a416c8 elementor-widget elementor-widget-heading\" data-id=\"8a416c8\" data-element_type=\"widget\" data-e-type=\"widget\" data-widget_type=\"heading.default\">\n\t\t\t\t<div class=\"elementor-widget-container\">\n\t\t\t\t\t<h1 class=\"elementor-heading-title elementor-size-default\">Pol\u00edtica Integrada<\/h1>\t\t\t\t<\/div>\n\t\t\t\t<\/div>\n\t\t\t\t\t<\/div>\n\t\t\t\t<\/div>\n\t\t<div class=\"elementor-element elementor-element-20886167 e-flex e-con-boxed e-con e-parent\" data-id=\"20886167\" data-element_type=\"container\" data-e-type=\"container\">\n\t\t\t\t\t<div class=\"e-con-inner\">\n\t\t\t\t<div class=\"elementor-element elementor-element-6d41fefa elementor-widget elementor-widget-text-editor\" data-id=\"6d41fefa\" data-element_type=\"widget\" data-e-type=\"widget\" data-widget_type=\"text-editor.default\">\n\t\t\t\t<div class=\"elementor-widget-container\">\n\t\t\t\t\t\t\t\t\t<p>A <strong>Coopertrans<\/strong>, promove e incentiva a melhoria cont\u00ednua de forma a garantir elevados n\u00edveis de desempenho no transporte rodovi\u00e1rio nacional de produtos qu\u00edmicos corrosivos, oxidantes, t\u00f3xicos e subst\u00e2ncias diversas a\u00a0 granel l\u00edquida, com vista a superar as expectativas dos clientes e outras partes interessadas.<\/p><p>Ciente da import\u00e2ncia da qualidade para com a presta\u00e7\u00e3o de servi\u00e7os de transporte de produtos qu\u00edmicos corrosivos, oxidantes, t\u00f3xicos e subst\u00e2ncias diversas para clientes localizados a n\u00edvel Brasil, bem como do compromisso com o meio ambiente, seguran\u00e7a do trabalho e sa\u00fade ocupacional de seus colaboradores, subcontratados\u00a0 e cooperados, estabelece os seguintes compromissos:\u00a0<\/p><ul><li>Identificar e mitigar os riscos, proporcionando condi\u00e7\u00f5es de trabalho seguras e saud\u00e1veis para todos os colaboradores, cooperados\u00a0 e subcontratados.<br \/><br \/><\/li><li>Melhorar continuamente os processos do Sistema de Gest\u00e3o, buscando a redu\u00e7\u00e3o dos impactos ambientais, atrav\u00e9s da preven\u00e7\u00e3o da polui\u00e7\u00e3o e prote\u00e7\u00e3o ambiental garantindo um di\u00e1logo transparente com as partes interessadas incentivando boas pr\u00e1ticas de gest\u00e3o. <br \/><br \/><\/li><li>Buscar continuamente superar a satisfa\u00e7\u00e3o de nossos clientes atrav\u00e9s do atendimento a todos os requisitos aplic\u00e1veis a presta\u00e7\u00e3o de servi\u00e7os de transportes e armazenagem, meio ambiente, sa\u00fade e seguran\u00e7a ocupacional e responsabilidade social, garantindo agilidade, confiabilidade e o cumprimento de todos os requisitos aplic\u00e1veis aos servi\u00e7os prestados.<br \/><br \/><\/li><li>Contribuir para o desenvolvimento pessoal e profissional, promovendo qualifica\u00e7\u00e3o e valoriza\u00e7\u00e3o de seus colaboradores, cooperados e subcontratados;<br \/><br \/><\/li><li>Proibir rigorosamente o emprego e a explora\u00e7\u00e3o de crian\u00e7as e n\u00e3o se envolver\u00e1 ou apoiar\u00e1 o uso de trabalho infantil consistindo em trabalho f\u00edsico, social, mental ou moralmente prejudicial \u00e0s crian\u00e7as;<br \/><br \/><\/li><li>A Cooperativa em concord\u00e2ncia com as regras e normas relativas aos Direitos Humanos assumidos, garante a aus\u00eancia de discrimina\u00e7\u00e3o com base em g\u00eanero, ra\u00e7a, religi\u00e3o, origem, estado civil, status social ou qualquer outra diferencia\u00e7\u00e3o pessoal, concedendo prote\u00e7\u00e3o especial a qualquer grupo especialmente vulner\u00e1vel a tais comportamentos.<\/li><\/ul><p><br \/>A <strong>Coopertrans<\/strong> reafirma seu compromisso com a responsabilidade social, seguran\u00e7a e excel\u00eancia operacional, garantindo que seus princ\u00edpios estejam alinhados \u00e0s melhores pr\u00e1ticas do setor.<\/p>\t\t\t\t\t\t\t\t<\/div>\n\t\t\t\t<\/div>\n\t\t\t\t<div class=\"elementor-element elementor-element-2d3b593 elementor-widget elementor-widget-text-editor\" data-id=\"2d3b593\" data-element_type=\"widget\" data-e-type=\"widget\" data-widget_type=\"text-editor.default\">\n\t\t\t\t<div class=\"elementor-widget-container\">\n\t\t\t\t\t\t\t\t\t<p>Mau\u00e1, 14 de Julho de 2025 Rev. 10<\/p><p><strong>\u00c9lcio Fernandes da Cunha<\/strong> &#8211; Presidente<br \/><strong>Adilson Fernandes<\/strong> &#8211; Vice presidente<br \/><strong>Bruno Vessio Ferraioli<\/strong> &#8211; Diretor\u00a0\u00a0Log\u00edstico<\/p>\t\t\t\t\t\t\t\t<\/div>\n\t\t\t\t<\/div>\n\t\t\t\t\t<\/div>\n\t\t\t\t<\/div>\n\t\t\t\t<\/div>\n\t\t","protected":false},"excerpt":{"rendered":"<p>Gest\u00e3o de Qualidade Pol\u00edtica Integrada A Coopertrans, promove e incentiva a melhoria cont\u00ednua de forma a garantir elevados n\u00edveis de desempenho no transporte rodovi\u00e1rio nacional de produtos qu\u00edmicos corrosivos, oxidantes, t\u00f3xicos e subst\u00e2ncias diversas a\u00a0 granel l\u00edquida, com vista a superar as expectativas dos clientes e outras partes interessadas. Ciente da import\u00e2ncia da qualidade para&hellip;&nbsp;<a href=\"https:\/\/coopertrans.com.br\/pt_br\/gestao-de-qualidade\/politica-integrada\/\" rel=\"bookmark\"><span class=\"screen-reader-text\">Pol\u00edtica Integrada<\/span><\/a><\/p>\n","protected":false},"author":1313,"featured_media":0,"parent":9766,"menu_order":0,"comment_status":"closed","ping_status":"closed","template":"elementor_header_footer","meta":{"neve_meta_sidebar":"","neve_meta_container":"","neve_meta_enable_content_width":"","neve_meta_content_width":0,"neve_meta_title_alignment":"","neve_meta_author_avatar":"","neve_post_elements_order":"","neve_meta_disable_header":"","neve_meta_disable_footer":"","neve_meta_disable_title":"","footnotes":""},"class_list":["post-630","page","type-page","status-publish","hentry"],"_links":{"self":[{"href":"https:\/\/coopertrans.com.br\/pt_br\/wp-json\/wp\/v2\/pages\/630","targetHints":{"allow":["GET"]}}],"collection":[{"href":"https:\/\/coopertrans.com.br\/pt_br\/wp-json\/wp\/v2\/pages"}],"about":[{"href":"https:\/\/coopertrans.com.br\/pt_br\/wp-json\/wp\/v2\/types\/page"}],"author":[{"embeddable":true,"href":"https:\/\/coopertrans.com.br\/pt_br\/wp-json\/wp\/v2\/users\/1313"}],"replies":[{"embeddable":true,"href":"https:\/\/coopertrans.com.br\/pt_br\/wp-json\/wp\/v2\/comments?post=630"}],"version-history":[{"count":37,"href":"https:\/\/coopertrans.com.br\/pt_br\/wp-json\/wp\/v2\/pages\/630\/revisions"}],"predecessor-version":[{"id":10143,"href":"https:\/\/coopertrans.com.br\/pt_br\/wp-json\/wp\/v2\/pages\/630\/revisions\/10143"}],"up":[{"embeddable":true,"href":"https:\/\/coopertrans.com.br\/pt_br\/wp-json\/wp\/v2\/pages\/9766"}],"wp:attachment":[{"href":"https:\/\/coopertrans.com.br\/pt_br\/wp-json\/wp\/v2\/media?parent=630"}],"curies":[{"name":"wp","href":"https:\/\/api.w.org\/{rel}","templated":true}]}}

Política Integrada

<div data-elementor-type="wp-page" data-elementor-id="630" class="elementor elementor-630">
				<div class="elementor-element elementor-element-b4b7a7c e-flex e-con-boxed e-con e-parent" data-id="b4b7a7c" data-element_type="container" data-e-type="container" data-settings="{&quot;background_background&quot;:&quot;classic&quot;}">
					<div class="e-con-inner">
				<div class="elementor-element elementor-element-7f81162 elementor-widget elementor-widget-heading" data-id="7f81162" data-element_type="widget" data-e-type="widget" data-widget_type="heading.default">
				<div class="elementor-widget-container">
					<h1 class="elementor-heading-title elementor-size-default">Gestão de Qualidade</h1>				</div>
				</div>
				<div class="elementor-element elementor-element-8a416c8 elementor-widget elementor-widget-heading" data-id="8a416c8" data-element_type="widget" data-e-type="widget" data-widget_type="heading.default">
				<div class="elementor-widget-container">
					<h1 class="elementor-heading-title elementor-size-default">Política Integrada</h1>				</div>
				</div>
					</div>
				</div>
		<div class="elementor-element elementor-element-20886167 e-flex e-con-boxed e-con e-parent" data-id="20886167" data-element_type="container" data-e-type="container">
					<div class="e-con-inner">
				<div class="elementor-element elementor-element-6d41fefa elementor-widget elementor-widget-text-editor" data-id="6d41fefa" data-element_type="widget" data-e-type="widget" data-widget_type="text-editor.default">
				<div class="elementor-widget-container">
									<p>A <strong>Coopertrans</strong>, promove e incentiva a melhoria contínua de forma a garantir elevados níveis de desempenho no transporte rodoviário nacional de produtos químicos corrosivos, oxidantes, tóxicos e substâncias diversas a  granel líquida, com vista a superar as expectativas dos clientes e outras partes interessadas.</p><p>Ciente da importância da qualidade para com a prestação de serviços de transporte de produtos químicos corrosivos, oxidantes, tóxicos e substâncias diversas para clientes localizados a nível Brasil, bem como do compromisso com o meio ambiente, segurança do trabalho e saúde ocupacional de seus colaboradores, subcontratados  e cooperados, estabelece os seguintes compromissos: </p><ul><li>Identificar e mitigar os riscos, proporcionando condições de trabalho seguras e saudáveis para todos os colaboradores, cooperados  e subcontratados.<br /><br /></li><li>Melhorar continuamente os processos do Sistema de Gestão, buscando a redução dos impactos ambientais, através da prevenção da poluição e proteção ambiental garantindo um diálogo transparente com as partes interessadas incentivando boas práticas de gestão. <br /><br /></li><li>Buscar continuamente superar a satisfação de nossos clientes através do atendimento a todos os requisitos aplicáveis a prestação de serviços de transportes e armazenagem, meio ambiente, saúde e segurança ocupacional e responsabilidade social, garantindo agilidade, confiabilidade e o cumprimento de todos os requisitos aplicáveis aos serviços prestados.<br /><br /></li><li>Contribuir para o desenvolvimento pessoal e profissional, promovendo qualificação e valorização de seus colaboradores, cooperados e subcontratados;<br /><br /></li><li>Proibir rigorosamente o emprego e a exploração de crianças e não se envolverá ou apoiará o uso de trabalho infantil consistindo em trabalho físico, social, mental ou moralmente prejudicial às crianças;<br /><br /></li><li>A Cooperativa em concordância com as regras e normas relativas aos Direitos Humanos assumidos, garante a ausência de discriminação com base em gênero, raça, religião, origem, estado civil, status social ou qualquer outra diferenciação pessoal, concedendo proteção especial a qualquer grupo especialmente vulnerável a tais comportamentos.</li></ul><p><br />A <strong>Coopertrans</strong> reafirma seu compromisso com a responsabilidade social, segurança e excelência operacional, garantindo que seus princípios estejam alinhados às melhores práticas do setor.</p>								</div>
				</div>
				<div class="elementor-element elementor-element-2d3b593 elementor-widget elementor-widget-text-editor" data-id="2d3b593" data-element_type="widget" data-e-type="widget" data-widget_type="text-editor.default">
				<div class="elementor-widget-container">
									<p>Mauá, 14 de Julho de 2025 Rev. 10</p><p><strong>Élcio Fernandes da Cunha</strong> &#8211; Presidente<br /><strong>Adilson Fernandes</strong> &#8211; Vice presidente<br /><strong>Bruno Vessio Ferraioli</strong> &#8211; Diretor  Logístico</p>								</div>
				</div>
					</div>
				</div>
				</div>

<p>Gestão de Qualidade Política Integrada A Coopertrans, promove e incentiva a melhoria contínua de forma a garantir elevados níveis de desempenho no transporte rodoviário nacional de produtos químicos corrosivos, oxidantes, tóxicos e substâncias diversas a  granel líquida, com vista a superar as expectativas dos clientes e outras partes interessadas. Ciente da importância da qualidade para&hellip;&nbsp;<a href="https://coopertrans.com.br/pt_br/gestao-de-qualidade/politica-integrada/" rel="bookmark"><span class="screen-reader-text">Política Integrada</span></a></p>
